me factors of 11857039?
11857039
List the prime factors of 511691.
511691
List the prime factors of 4482242.
2, 2241121
List the prime factors of 444923.
19, 23417
What are the prime factors of 157408?
2, 4919
List the prime factors of 1365314.
2, 682657
List the prime factors of 202817.
202817
List the prime factors of 679662.
2, 3, 61, 619
List the prime factors of 221690.
2, 5, 7, 3167
List the prime factors of 2191931.
7, 313133
List the prime factors of 252773.
17, 14869
What are the prime factors of 2375171?
19, 41, 3049
List the prime factors of 2594557.
7, 17, 21803
What are the prime factors of 2414?
2, 17, 71
What are the prime factors of 5133968?
2, 7, 23, 1993
What are the prime factors of 23304?
2, 3, 971
List the prime factors of 141823.
11, 12893
List the prime factors of 50842.
2, 11, 2311
What are the prime factors of 264915?
3, 5, 7, 29
List the prime factors of 4744520.
2, 5, 11, 41, 263
What are the prime factors of 1110576?
2, 3, 17, 1361
What are the prime factors of 1974244?
2, 17, 29033
List the prime factors of 608928.
2, 3, 6343
List the prime factors of 2365460.
2, 5, 118273
What are the prime factors of 421946?
2, 7, 30139
List the prime factors of 200056.
2, 17, 1471
List the prime factors of 11192.
2, 1399
What are the prime factors of 297124?
2, 59, 1259
List the prime factors of 844132.
2, 19, 29, 383
What are the prime factors of 55788?
2, 3, 4649
List the prime factors of 1630441.
1630441
What are the prime factors of 1866043?
1866043
List the prime factors of 23586.
2, 3, 3931
List the prime factors of 132356.
2, 7, 29, 163
What are the prime factors of 11415?
3, 5, 761
What are the prime factors of 34642?
2, 17321
What are the prime factors of 6291215?
5, 7, 179749
List the prime factors of 14018608.
2, 17, 51539
List the prime factors of 584203.
584203
What are the prime factors of 188843?
188843
What are the prime factors of 13319877?
3, 613, 7243
List the prime factors of 22216670.
2, 5, 7, 41, 7741
List the prime factors of 46647.
3, 71, 73
What are the prime factors of 795406?
2, 499, 797
What are the prime factors of 103606?
2, 51803
What are the prime factors of 1489010?
2, 5, 61, 2441
List the prime factors of 1552765.
5, 310553
What are the prime factors of 10183657?
11, 487, 1901
List the prime factors of 29890050.
2, 3, 5, 199267
What are the prime factors of 2025255?
3, 5, 135017
List the prime factors of 4334447.
13, 333419
List the prime factors of 13768054.
2, 6884027
What are the prime factors of 500240?
2, 5, 13, 37
List the prime factors of 2653427.
7, 83, 4567
What are the prime factors of 102576?
2, 3, 2137
What are the prime factors of 3180311?
83, 38317
List the prime factors of 9709632.
2, 3, 1873
What are the prime factors of 16433829?
3, 1061, 1721
List the prime factors of 758483.
11, 53, 1301
What are the prime factors of 93620?
2, 5, 31, 151
List the prime factors of 19417935.
3, 5, 31, 41759
List the prime factors of 4167211.
769, 5419
What are the prime factors of 345304?
2, 17, 2539
What are the prime factors of 14754901?
7, 1129, 1867
What are the prime factors of 552067?
89, 6203
List the prime factors of 403621.
403621
What are the prime factors of 486648?
2, 3, 751
What are the prime factors of 193664?
2, 17, 89
List the prime factors of 12260733.
3, 4086911
List the prime factors of 380692.
2, 13, 7321
List the prime factors of 2515286.
2, 17, 29, 2551
What are the prime factors of 253538?
2, 17, 7457
What are the prime factors of 271625?
5, 41, 53
What are the prime factors of 329649?
3, 109883
List the prime factors of 715627.
11, 67, 971
List the prime factors of 2762840.
2, 5, 17, 239
What are the prime factors of 1753309?
1753309
List the prime factors of 2951896.
2, 71, 5197
List the prime factors of 332049.
3, 151, 733
List the prime factors of 298140.
2, 3, 5, 4969
List the prime factors of 12753816.
2, 3, 223, 2383
List the prime factors of 3892462.
2, 7, 39719
What are the prime factors of 1097551?
7, 13, 1723
List the prime factors of 1452109.
1452109
What are the prime factors of 163296?
2, 3, 7
List the prime factors of 8002153.
1237, 6469
What are the prime factors of 395727?
3, 131909
List the prime factors of 93686.
2, 139, 337
What are the prime factors of 58338?
2, 3, 7, 463
What are the prime factors of 739300?
2, 5, 7393
List the prime factors of 4054011.
3, 13, 19, 5471
List the prime factors of 22253470.
2, 5, 727, 3061
List the prime factors of 524532.
2, 3, 43711
What are the prime factors of 1751070?
2, 3, 5, 58369
List the prime factors of 70162.
2, 35081
What are the prime factors of 2295947?
2295947
What are the prime factors of 2241110?
2, 5, 17, 13183
List the prime factors of 3129813.
3, 19, 6101
What are the prime factors of 12653008?
2, 43, 53, 347
List the prime factors of 107128.
2, 7, 1913
What are the prime factors of 1584212?
2, 7, 29, 1951
List the prime factors of 1378961.
1378961
List the prime factors of 25046231.
7, 3578033
List the prime factors of 2493781.
17, 8629
List the prime factors of 501569.
83, 6043
What are the prime factors of 142580?
2, 5, 7129
List the prime factors of 2494188.
2, 3, 79, 877
What are the prime factors of 5475162?
2, 3, 7, 11, 1693
List the prime factors of 5613289.
11, 510299
What are the prime factors of 1604422?
2, 61, 13151
List the prime factors of 5725268.
2, 1431317
List the prime factors of 1877253.
3, 7, 89393
What are the prime factors of 1227577?
13, 89, 1061
List the prime factors of 295597.
29, 10193
List the prime factors of 5647473.
3, 13, 47, 79
What are the prime factors of 1397589?
3, 79, 5897
What are the prime factors of 258191?
19, 107, 127
List the prime factors of 574363.
574363
List the prime factors of 8107102.
2, 4053551
List the prime factors of 7322041.
37, 197893
List the prime factors of 12953374.
2, 7, 925241
What are the prime factors of 10131557?
10131557
What are the prime factors of 819191?
23, 35617
List the prime factors of 274356.
2, 3, 7621
What are the prime factors of 11076759?
3, 1230751
What are the prime factors of 1708074?
2, 3, 47, 673
List the prime factors of 7434618.
2, 3, 1239103
List the prime factors of 225434.
2, 11, 10247
What are the prime factors of 905406?
2, 3, 150901
List the prime factors of 145684.
2, 7, 11, 43
List the prime factors of 22235843.
7, 239, 13291
List the prime factors of 858594.
2, 3, 11, 13009
List the prime factors of 5294464.
2, 7, 19, 311
List the prime factors of 96562.
2, 48281
List the prime factors of 1237932.
2, 3, 137, 251
List the prime factors of 564004.
2, 7, 20143
What are the prime factors of 118496?
2, 7, 23
List the prime factors of 9608638.
2, 13, 17, 21739
What are the prime factors of 1668598?
2, 834299
List the prime factors of 1013561.
41, 59, 419
List the prime factors of 32135831.
7, 13, 17, 20773
What are the prime factors of 730895?
5, 11, 97, 137
What are the prime factors of 5122764?
2, 3, 97, 163
What are the prime factors of 443860?
2, 5, 22193
List the prime factors of 186954.
2, 3, 31159
List the prime factors of 330629.
13, 29, 877
What are the prime factors of 12671943?
3, 4223981
List the prime factors of 9193481.
11, 17, 211, 233
List the prime factors of 2679204.
2, 3, 11, 20297
List the prime factors of 1511226.
2, 3, 59, 1423
List the prime factors of 13071929.
13, 17, 59149
List the prime factors of 8340394.
2, 1009, 4133
What are the prime factors of 5065214?
2, 7, 11, 31, 1061
What are the prime factors of 15678492?
2, 3, 1306541
What are the prime factors of 1314852?
2, 3, 7, 11, 1423
What are the prime factors of 1199640?
2, 3, 5, 13, 769
What are the prime factors of 1611372?
2, 3, 7, 19183
List the prime factors of 400104.
2, 3, 5557
What are the prime factors of 70296?
2, 3, 29, 101
List the prime factors of 450687.
3, 17, 8837
What are the prime factors of 2562458?
2, 1281229
List the prime factors of 5538676.
2, 11, 13, 23, 421
List the prime factors of 213723.
3, 23747
What are the prime factors of 4737360?
2, 3, 5, 19739
List the prime factors of 5635340.
2, 5, 281767
What are the prime factors of 11395642?
2, 71, 80251
List the prime factors of 870966.
2, 3, 127
List the prime factors of 672198.
2, 3, 23, 4871
What are the prime factors of 2971046?
2, 13, 229, 499
What a